. Is d a composite number?
True
Suppose -8 = -4*p, 4*b - 6*p + p = -50. Let f be ((-148)/b)/((-5)/(-50)). Suppose -5*i - f = -a, -103 = -a - 5*i + i. Is a a prime number?
False
Let f be (-140)/21 + 2 + (-4)/3. Let g be (-2)/((-4)/f) - -5. Suppose -250 = -g*o + 444. Is o prime?
True
Suppose 3*r - 2*m = -0*r + 39, -5*r + 46 = 3*m. Let h be 5*(4/(-10))/((-16)/96). Suppose -h*k + r*k = -339. Is k prime?
False
Let x be (1 + -5)*(-4062)/8. Let u = 5436 - 2214. Let t = u - x. Is t a composite number?
True
Suppose 0 = 5*t + 4*d - 703609, 3*d = -4*t + 267579 + 295307. Is t prime?
True
Suppose -k + 1035 = o, -1 = k - 6. Let i = -143 + o. Is i a composite number?
False
Let y = 6300 - -697. Is y a prime number?
True
Let j = 0 + -6. Is (-14348)/102*j/4 a prime number?
True
Is -6 + (132/110 - 5710137/(-15)) a prime number?
False
Let d = 15 - 44. Let o(a) = 3*a**2 - 24*a + 32. Is o(d) a prime number?
True
Suppose 101*h - 65*h + 3202021 = 67*h. Is h a composite number?
False
Let l(y) = 16*y**2 - 6*y + 1231. Is l(60) a prime number?
False
Suppose 0 = -10*a + 16*a. Suppose a = -8*v + 5*v. Suppose -l - 5*b + 5014 = l, v = -3*b - 12. Is l composite?
True
Let x(j) = -11*j + 8 + 0 - 26*j + 2*j. Is x(-11) composite?
True
Let h = -49916 + 150553. Is h prime?
False
Suppose 0 = n + 4 - 36. Suppose -29*v = -n*v + 36069. Is v a prime number?
False
Suppose -y + 2*u = -4*y - 54158, -4*y - 3*u = 72209. Let p = y - -9960. Let s = -5565 - p. Is s prime?
True
Let z be ((-1 - -1)/(-2))/(11 + -9). Suppose z = 8*u - 5*u - 17859. Is u a prime number?
True
Suppose -5*j + 94*x - 92*x + 904767 = 0, -x = 6. Is j prime?
False
Suppose 0 = 17*a - 676 - 395. Let d be (0 + 2)*a/6. Suppose -11*f + d*f - 4990 = 0. Is f a composite number?
False
Let r(b) = -790*b + 132. Let l be r(-20). Let a = l + -5563. Is a a prime number?
True
Suppose 43609 + 75587 = 21*v. Let n = -4025 + v. Is n a composite number?
True
Let t(j) = 3*j**3 + 147*j**2 - 159*j + 215. Is t(-48) a prime number?
True
Is 426325 + 26 + (-16)/(2/(-1)) prime?
False
Let u(i) = 10455*i - 25. Let j be u(4). Let m = j - 27426. Is m composite?
False
Let r be ((4721/2)/(-1))/(1/(-10)). Suppose 9*s - 79036 = -r. Is s composite?
True
Let c(r) = 21232*r**2 + 4*r + 4. Let f be c(-1). Suppose -4*s - d = -f, 0*s + 2*s - 10602 = -4*d. Is s a prime number?
True
Let d(v) be the third derivative of 0 - 25/12*v**4 - 79/6*v**3 - 21*v**2 + 0*v. Is d(-18) prime?
True
Let z(j) = 44*j - 165*j - 124*j - 9*j + 5. Is z(-3) a composite number?
True
Let i(d) = d**3 - d**2 + 2*d + 19. Let n(j) = -2*j**2 + 8*j - 3. Let v be n(3). Suppose v*p = 4*p - 6. Is i(p) a prime number?
True
Let y = 91 - 103. Let o be (36/54)/((-2)/y). Suppose -4083 = -o*u + u. Is u a prime number?
True
Let f(j) = 32294*j**2 + 874*j**2 - 1 + 5472*j**2. Is f(1) composite?
False
Let l(w) = -3*w**2 + 31*w + 26. Let z(p) = 3*p**2 - 34*p - 26. Let h(m) = -6*l(m) - 5*z(m). Suppose v + d + 35 = -v, 3*v + 33 = 5*d. Is h(v) a composite number?
True
Let w(o) = o + 1. Let x be w(2). Suppose 7*p - 20 = x*p, -3*f + 44 = 4*p. Suppose 0 = -4*u - f, -5*b + 3*u + 181 = 5*u. Is b a composite number?
False
Let i = 574 - -1356. Suppose 0*s = 3*s + 4*h + i, -4*s = -h + 2567. Let w = -377 - s. Is w composite?
True
Let r(u) = 352*u**2 + 4*u - 8. Let m be r(-6). Suppose 3926 = 6*g - m. Suppose -g = 3*v - 14*v. Is v a composite number?
False
Suppose -258*p - 502 = -257*p. Is (p/6)/(((-30)/(-18))/(-5)) a composite number?
False
Let n = -338 - -362. Suppose -3*s + 9 - 3 = 0. Is 2 + (s - 3) + n a prime number?
False
Suppose 237324 = 3*w + 3*u, 23*w - u = 27*w - 316435. Is w composite?
True
Let v = -144085 + 324834. Is v prime?
True
Let h be (-3*(-84)/18)/(-4 + 2). Is 1010 + 7*(h - -6) a prime number?
False
Suppose 379*q = 380*q - 1, 0 = 2*l - 4*q - 37950. Is l composite?
True
Let c = 2596 + 1505. Let t = 6260 - c. Is t a composite number?
True
Let r(p) = -p**3 + 6*p**2 + 3. Let n be r(6). Let i be (-2)/(-17) + (-55417)/(-170) + (-79)/790. Suppose -t + n*t = i. Is t prime?
True
Suppose 215*h + 0*h - 43725472 = 79598958. Is h prime?
False
Let x(v) = 3*v + 1. Let w be x(-1). Let n(o) = -27*o**2 + 592*o + 31. Let a be n(22). Is (a - w)/(6/(-18)) prime?
False
Let w = 280 - 276. Let m(t) = -52*t + 7. Let n(j) = -52*j + 7. Let k(c) = -6*m(c) + 5*n(c). Is k(w) composite?
True
Suppose -297*d + 32419273 = 20*d. Is d prime?
False
Let s be (120/100)/(6/(-40)). Is (-278)/5*s - (-29)/145 prime?
False
Suppose -13*p - 4*z = -14*p + 3178, 3*z = 2*p - 6381. Let a = p + 1544. Is a a prime number?
False
Let x = -296 + -955. Let n = x - -5113. Is n a prime number?
False
Let p be 17/(-5) + 3 - (-52906)/(-10). Let i = 7704 + p. Is i a composite number?
True
Suppose 795*l + 537159 = 816*l. Is l composite?
False
Suppose -x = -3*x + 2*p - 1546, -4*p - 3084 = 4*x. Let g be 1*-1 + -10 + (3 - -1187). Let d = g + x. Is d a composite number?
True
Suppose -i + 15*g + 3980 = 12*g, i - g - 3986 = 0. Is i a composite number?
False
Let q(h) = h - 6. Let a be q(8). Suppose 0 = a*d + 3*o - 966, 2*d - 954 = -2*o + 5*o. Let k = d - 257. Is k composite?
False
Let m(k) = 196*k + 0*k - 11*k - 20 + 77. Let q be m(9). Suppose -2*g + b - 2*b = -1728, -2*g + q = -2*b. Is g a prime number?
True
Let z be 1222 - (2 - -2 - 9). Suppose -67*w - z = -70*w. Is w a prime number?
True
Suppose 0 = 4*q + 2*a + 189732 - 900334, 0 = -3*q + a + 532934. Is q prime?
True
Suppose 0 = -23244*l + 23214*l + 1208850. Is l a composite number?
True
Suppose -5*k + 12*x + 168397 = 0, 2*k - 67312 = 47*x - 50*x. Is k composite?
True
Suppose -3*d = 2*n - 758813, -54*n - 1011750 = -4*d - 57*n. Is d prime?
False
Is 5476620/80*(-8)/(-6) prime?
False
Suppose -5*s = -3*s + 28. Let g = 34 + s. Is (710/g)/(1/2) a prime number?
True
Suppose 0 = i - 131996 - 85115. Is i composite?
False
Let z = 84 - 80. Suppose z*m - 704 - 1516 = i, 5*m + 2*i = 2775. Suppose -m = -g + 2*k - 3*k, g = 5*k + 531. Is g a prime number?
False
Let f(j) = j - 8. Let b be f(7). Let t be (-1 + b)/4*262. Let p = t - -294. Is p a prime number?
True
Let w(c) = -c**3 + 25*c**2 + 7*c - 1. Let h be w(11). Let l = h + -817. Is l prime?
True
Let g be (18/(-54))/((-2)/18). Suppose -1 = g*x - 49. Is ((-63)/(-56))/9 - (-1070)/x prime?
True
Let a be 24/13 + (2 - (-120)/(-65)). Suppose o - 2*n = -2134, -6*n - 4292 = a*o - 2*n. Let q = -1001 - o. Is q composite?
True
Let l be 15071 - 0/(4/(1 + 3)). Let h = l + -9924. Is h prime?
True
Suppose -2*i + 95063 = 6025. Is i a prime number?
True
Suppose 0 = -3*y + 3*r - 70646 + 239408, 4*y - 225013 = 5*r. Is y a composite number?
True
Let j be (10/(-4))/(-5) - 6/12. Suppose -5*r + 3792 + 3613 = j. Is r a prime number?
True
Suppose -5*c = -5*r + 91550, -12*c + 8*c - 36612 = -2*r. Is r a prime number?
False
Suppose 56*l - 59497492 = -16726316. Is l composite?
False
Let g(u) = 299*u**2 - 12*u + 12*u + 13*u - 7. Is g(-5) prime?
False
Let j(q) = 69*q - 269. Let h(v) = -344*v + 1347. Let t(b) = 2*h(b) + 11*j(b). Is t(12) a composite number?
False
Let n be 3/(9/(-6)) + 6. Let b(l) = 611*l**2 + 28 - 8*l + 31 - 575*l**2 - 46. Is b(n) a prime number?
True
Suppose 39*j = 107*j - 3664902 + 832906. Is j prime?
True
Suppose -2*u + 473 = 125. Let t(x) = 202*x**2 + 3 + 3*x + u*x**2 + x - 46*x**2. Is t(4) composite?
True
Let n(u) = -206*u**2 + 2*u - 6 - 216*u**2 + 420*u**2 - 3*u**3 + 2*u**3. Let k be (22/6)/((-1)/3). Is n(k) composite?
False
Suppose -7*p + 8*p = -a - 89491, -a = 5*p + 89495. Is (a/8)/(-5) + 7/(-28) a prime number?
True
Let m(p) = -4*p - 125. Let n be m(-32). Suppose -3*b + n*w = -3357, -15 = -5*w - 35. Is b composite?
True
Let l = -2 + 5. Suppose -2*j - 6*j = -40232. Suppose -6044 - j = -l*c. Is c a composite number?
False
Let m = 25 + -23. Is 33 + (22/(-55))/(m/(-5)) prime?
False
Suppose 2*p = -c + 1532089, 3064205 = 4*p - 131*c + 130*c. Is p composite?
False
Let n(c) = 2064*c + 73. Suppose -19*w - 22 = -30*w. Is n(w) a prime number?
True
Suppose -45 = 11*d - 14*d. Let n be 3*1 + 10 + 17. Is (-6)/n + 3033/d a composite number?
True
Suppose -119518 = -2*x - y, 42*y + 179277 = 3*x + 46*y. Is x prime?
False
Suppose 5*r = -z + 47607, -20*r - 142781 = -3*z - 15*r. Is z prime?
False
Suppose 26176 = 3*f - 5*z, 5*f = 7*f + z - 17429. Let o = f - 2902. Is o composite?
True
Suppose -5*b - 1 = -x - 14